112 + -2 + 1. What is the units digit of (-4)/22 - b/(-55)?
0
Let z = -7 - -7. Suppose -5*d - i = -186, z*i + 109 = 3*d - 2*i. What is the tens digit of d?
3
Let x(y) = y**2 + 4*y - 3. Let j be x(-5). Suppose j*t - 6 - 4 = 0. Suppose 2*g + 3*d + t = 0, -5*d - 13 = -g + 4. What is the units digit of g?
2
Let j(a) = 3*a + 5. Suppose -3*t - 12 = -6*t. What is the units digit of j(t)?
7
Let i(u) be the second derivative of -u**5/20 + 7*u**4/12 + u**3/6 - u**2/2 + 5*u. Suppose 5*b = b + 20, 3*g + 5*b = 46. What is the units digit of i(g)?
6
Suppose 0 = 5*x - y - 31, -y - 2*y - 3 = 0. Let a be (2 - x)*18/8. Let c = 14 + a. What is the units digit of c?
5
Suppose -4*z + 185 = 33. Suppose 5*b - 22 = z. What is the units digit of b?
2
Let z(s) = 3*s**2 + 5*s - 1. Let q(h) = 4*h**2 + 7*h - 1. Let j(o) = 5*q(o) - 7*z(o). Let y be j(2). What is the units digit of ((-22)/4)/(1/y)?
1
Suppose 6*m = 14*m - 256. Let j = -119 - -171. Let t = j - m. What is the units digit of t?
0
Suppose 0 = -2*v - 5*i + 7, v = -3*i + 5*i + 17. What is the tens digit of v?
1
Let z be (3/3*0)/1. Suppose -4*i - 3*t + 73 = z, 5*i + 2*t = -0*t + 100. What is the tens digit of i?
2
Suppose 4*u - 20 = 5*l - 4*l, -5*u = 5*l - 25. Suppose -2*a + a = u. Let v(g) = g**3 + 4*g**2 - 6*g + 4. What is the units digit of v(a)?
9
Let w(v) = 6*v - 10 + 2 + 1 + 2. Let y(b) = b + 4. Let n be y(0). What is the tens digit of w(n)?
1
Let s(f) = -f**3 + 6*f**2 + 4*f + 2. Let j(w) = -w - 1. Let n(o) = -6*j(o) - s(o). What is the units digit of n(6)?
6
Suppose -5*p + 7 = 2*w, -4*w + 7*p + 27 = 4*p. What is the units digit of w?
6
What is the hundreds digit of (157/(-3))/((-37)/111)?
1
Let d = 42 - -18. What is the tens digit of d?
6
Let r(o) be the second derivative of -5/6*o**3 + 1/12*o**4 + 1/2*o**2 + 0 - o. What is the units digit of r(5)?
1
Let w(r) = -2*r + 15. Let f(x) = -x + 7. Let n(k) = -7*f(k) + 3*w(k). What is the units digit of n(5)?
1
Let h(j) = j**3 + 10*j**2 + 10*j - 4. Let v be h(-9). Let a = -7 - v. Let q = 2 + a. What is the units digit of q?
8
What is the units digit of 8 - (0 - -4) - 3?
1
What is the units digit of ((-51)/6)/(6/(-36))?
1
Let m = 118 - 69. What is the tens digit of m?
4
Suppose 10*p - 7*p = 0. Suppose -5*t + 26 + 14 = p. What is the units digit of t?
8
Let w = 87 + -27. Suppose 3*p = 8*p - w. What is the tens digit of p?
1
Suppose -3*t = -37 - 38. Let c be ((-10)/t)/(1/20). What is the units digit of (-4)/c*(-1 + 15)?
7
Let n(t) = 2*t**2 + 11*t - 7. Let l be n(-8). Let q = l - 23. What is the units digit of q?
0
Suppose 0 = -2*j + j + 1. Let b = j + 3. Suppose -2 = -2*c + 2, 0 = 5*i + b*c - 43. What is the units digit of i?
7
Suppose -4*d - 164 = -2*w, 148 = -3*w + 4*d + 400. What is the tens digit of w?
8
Let r(u) be the third derivative of 3*u**2 + 1/24*u**4 + 0*u + 0 + 4/3*u**3. What is the units digit of r(6)?
4
Let o be 2 - 4 - (-5)/(-1). Let r be (1 - o)*(-2)/4. Let z = -3 - r. What is the units digit of z?
1
Suppose 3*f + 16 = v, 4*v + 0*f - 4*f - 72 = 0. What is the tens digit of v?
1
What is the tens digit of -4 - ((-396)/4 + 4)?
9
Let o(c) = c**3 - 7*c**2 + 6*c + 6. Let z = 13 - 23. Let n be (-1 + (-22)/z)*5. What is the units digit of o(n)?
6
Suppose 6*x = 2*x - 8. Let k be (4/(-8))/(x/8). Suppose 2*l = 3*a - 5 + 21, k*a + 40 = 5*l. What is the units digit of l?
8
Suppose -o + 0 = -5. Suppose -o*r = -3*r - 38. What is the tens digit of r?
1
Suppose -3*f + 66 = o - 2*o, -2*o - 126 = -4*f. Let v = o - -85. What is the tens digit of v?
2
Let j be 2 - 1 - (-14 + -1). Let r = -5 + j. What is the units digit of r?
1
Let m(z) be the first derivative of z**3/3 - 5*z**2/2 + 3*z - 2. What is the units digit of m(8)?
7
What is the units digit of -3 + -1 + (-735)/(-3)?
1
Suppose 2*d = d + 1. Suppose -d = -2*x + 3. What is the units digit of x?
2
Suppose 4*b - 4*s = -s + 26, -s = -4*b + 22. Suppose -b*l + 0 = -90. What is the tens digit of l?
1
Let f = -7 - -11. Suppose f*z - 9 = -j, z + 0*z = j + 1. What is the units digit of j?
1
Let z(s) = -s**2 + 5*s + 9. Let t be z(7). Let k be ((-4)/5)/(2/t). Suppose -21 = -2*d - 5*f + 12, -4*f + 30 = k*d. What is the units digit of d?
9
Let n = -2 - -2. Let x be (22/(-8))/(4/(-16)). Suppose 2*g + 5 - x = n. What is the units digit of g?
3
What is the tens digit of 4/(-16) + 194/8?
2
Suppose -5*t - 4*n + 525 = 0, 1 = 3*n - 14. What is the hundreds digit of t?
1
Suppose 2*c + 10 = -3*c. Let j = c + 3. Suppose t = 19 - j. What is the units digit of t?
8
Let u(m) = -m**3 - 4*m**2 - 5*m - 3. Let p be u(-3). Let j(l) = 5*l**3 - 7*l + 2 + 2*l - 4*l**3 - l**2. What is the units digit of j(p)?
5
Suppose -3*o - 25 = 4*w - 5*w, 2*o + 60 = 5*w. What is the tens digit of w?
1
Let g = 62 - -22. What is the units digit of g?
4
Suppose 0 = -2*o + 3*x + 23, -o = -4*o + 4*x + 36. Let h = 31 - o. Suppose 4*g = 3*f + h, 0*f + 18 = 2*g + 2*f. What is the units digit of g?
6
Suppose 0 = -4*d + 10 + 2, i - 28 = -3*d. What is the tens digit of i?
1
Let y be -42*4*9/(-42). Suppose 72 = 4*w - y. What is the units digit of w?
7
Let w(i) = 4*i - 3*i - i**3 + 5*i + 4*i**2. Let l be w(5). Suppose 4*c - 19 - 8 = -l*d, 3*c + 4*d = 21. What is the units digit of c?
3
Let t(y) = 4 - 2*y + 0 - 3. Let j be t(2). What is the units digit of (-32)/(-6) - 2/j?
6
Let a = 2 + 1. Suppose 3*c + 2*i + 1 = 0, -3*c - 2*c + a*i = -11. What is the units digit of c?
1
Let l(r) = -2*r - 8. Let o be l(-6). Suppose -4*q + 33 = n - 11, o = 2*q + 5*n. Let z = q + -5. What is the units digit of z?
7
Let i be (-20)/15 + 100/(-6). Let o = i + 40. What is the tens digit of o?
2
Let t(h) = h**2 + 6*h + 3. Let x be t(-6). Let a(n) = 7*n - 3. What is the units digit of a(x)?
8
Let y = 2 + -1. Let m be -4 - (0/(-1))/y. What is the units digit of -6*(-6)/m*-1?
9
Let a(s) be the second derivative of s**6/120 + s**3 + 3*s**2/2 - 2*s. Let o(r) be the first derivative of a(r). What is the units digit of o(0)?
6
Suppose -4*z = 12 - 92. Suppose 5*r + 3*y - 77 = 6*y, r = -4*y + z. What is the tens digit of r?
1
What is the tens digit of 70/(-3)*21/(-14)?
3
Suppose 3*m + 6 = m. What is the tens digit of (-1 + (-8)/3)*m?
1
What is the units digit of 776/10 - (-2)/5?
8
Let r(j) be the first derivative of 1/4*j**4 - 4/3*j**3 + 3/2*j**2 + 1 + 3*j. What is the units digit of r(3)?
3
Let d be (10/8)/((-2)/(-8)). Let b(y) = y**2 - 6. What is the units digit of b(d)?
9
Let c(j) = 4*j**2 - 1. Let q be c(1). Suppose -4*b - 2*g = -72, -4*g - 61 = -q*b + 15. Suppose -l + 5*l - b = 0. What is the units digit of l?
5
Let n = 67 - 40. What is the units digit of n?
7
Let t(m) = -11 + 6*m - 2*m**2 + 2*m**3 - 5*m**2 - 4*m**3 + m**3. What is the units digit of t(-8)?
5
Suppose -48 = 3*f - 309. Suppose 5*m = -17 + f. Suppose -4*z = 2*i - m, i - 6*z = -z - 7. What is the units digit of i?
3
Let r(m) = -m**3 + 6*m**2 + 6*m - 8. What is the units digit of r(6)?
8
Let l = 6 + -2. Suppose 12 = k + k. Let u = k - l. What is the units digit of u?
2
Suppose 5*n + 5*i - 20 = 0, 4*n + 5 = -i + 12. Suppose -l - 3 - n = 0, 5*j - 2*l = 58. What is the tens digit of j?
1
Suppose 4*q + 5*y = -9 - 26, 0 = 4*q + y + 23. Let k be q*-1*(2 + -1). Suppose 0 = -4*f - k*d + 31, f - d + 2 = d. What is the units digit of f?
4
Let z(r) be the first derivative of -2*r**2 + 2*r + 4. What is the tens digit of z(-2)?
1
Let s be 6/((-3)/2 - 0). What is the units digit of (1/s)/((-1)/4)?
1
Let o = 14 + -8. What is the units digit of o?
6
Let b = 5 - 2. Let w = b + -6. Let s = w - -8. What is the units digit of s?
5
Let f = -51 + 75. Let i = 40 - f. What is the units digit of i?
6
Let n = 15 + 24. What is the units digit of n + (1 - 1)/(-3)?
9
Let c(j) = -2*j - 6. Let l be c(-5). Suppose 0 = 5*a - l - 1. What is the units digit of a?
1
Let s(x) = 5 - 19*x**2 + 2 + 14*x**2 + x**3 - 6*x. What is the units digit of s(6)?
7
Let y(r) = -r**2 - 3*r + 2. Let n be y(-2). Let l be -3*1/((-2 + 0)/2). What is the tens digit of n/l*(-135)/(-10)?
1
Let i(f) = -25*f - 2. Let c be i(-2). Suppose 0 = -g - b + 12, 4*g - c = b - 0*b. What is the units digit of g?
2
Let c = 1 - -2. Suppose 0*y + 54 = c*y. What is the tens digit of y?
1
What is the hundreds digit of (-9)/(-18) + 409/2?
2
Let d(a) = -a - 2 - 4 - 2. Let b be d(-7). Let q = b - -3. What is the units di